/(-4). Let f(r) = -4*r + 2. Let g be f(a). Suppose -3*z - 5*w + 478 = 0, g*z = -5*w + 65 + 262. What are the prime factors of z?
151
Let y(s) = -5*s**3 - 20*s**2 - 54*s - 4. What are the prime factors of y(-14)?
2, 1319
Let i(g) = g**3 + 2*g**2 + g - 16. Let k be i(0). Let d(j) = 16 + 2*j**2 - 3*j + 17*j + 14*j. What are the prime factors of d(k)?
2, 5
Let z = 6485 + -6368. What are the prime factors of z?
3, 13
Suppose 3*k - 53459 = 5*p, -272*k + 3*p + 89093 = -267*k. List the prime factors of k.
2, 59, 151
Let r(l) = 8*l**3 + 10*l**2 - 4*l - 5. Let a be r(4). Let i = a - 377. Let z = i - 142. List the prime factors of z.
2, 3, 11
Let y = 5 + 0. Suppose 17 = -y*s + 252. Suppose 2*g = -m + 87 + s, 5*g = 4*m + 348. What are the prime factors of g?
2, 17
What are the prime factors of ((-120)/(-3) - 16)/((-6)/(-1455))?
2, 3, 5, 97
Suppose 98 + 78 = 8*h. Suppose h*b = 23655 - 1853. List the prime factors of b.
991
Let l = 3096 - 481. What are the prime factors of l?
5, 523
Suppose -539*k = -535*k - 56032. What are the prime factors of k?
2, 17, 103
Suppose 0 = -3*a + g + 8439, -16*a - 5*g = -14*a - 5609. List the prime factors of a.
2, 19, 37
Let s(k) = 9*k + 169. Let i(m) = 3*m + 168. Let d(y) = -6*i(y) + 5*s(y). What are the prime factors of d(11)?
2, 67
Suppose -13*x - 15 = -2*z - 12*x, 3*z - 10 = 4*x. List the prime factors of z/(-4)*(-7 + 16 - 167).
5, 79
Suppose 0 = 18*v - 47134 - 3446. What are the prime factors of v?
2, 5, 281
Suppose -4*g = -2*g - 2*l - 536, 2*l - 6 = 0. Let u = -229 + 51. Let k = u + g. What are the prime factors of k?
3, 31
What are the prime factors of ((3 - 1)*9/18)/(5/73285)?
14657
Let x be (-6)/27 + (-24)/(-108). Suppose 20*w + 4*w - 264 = x. List the prime factors of w.
11
Let o = 42 - 26. Suppose 860 = o*m - 5028. What are the prime factors of m?
2, 23
Let g = -36085 + 90774. What are the prime factors of g?
17, 3217
Let a = -1506 + 2154. Suppose -l - 3*q = -a, 6*l = 11*l + 2*q - 3201. What are the prime factors of l?
3, 71
List the prime factors of (-6)/21 - (-1487187)/399.
3727
Let x(a) = -4*a**3 - 7*a**2 + a - 1. Let m be x(-5). Let i be m + (-2 - -1)*2. Suppose 0 = 4*p - 15 - i. List the prime factors of p.
83
Let w be (-10)/45 - 562/(-18). Suppose -25*j + w*j - 636 = 0. Suppose 4*p - 5*o = 302 + j, 2*p - 3*o - 204 = 0. What are the prime factors of p?
2, 3, 17
Let c be (-2)/(-8) + (11370/24 - 6). Suppose 12*t - c = 9*t. List the prime factors of t.
2, 3, 13
Let r = 145 + -145. Suppose r = -3*s + 3*n + 591, 0*s + 961 = 5*s + n. List the prime factors of s.
193
Let v(x) = x**3 - 6*x**2 - 10*x + 11. Let w be v(9). Let q = w + -306. Let o = 206 + q. List the prime factors of o.
2
Let c be ((-6)/(-9))/(5/((-1335)/2)). Let a be -3*8/12*c. Suppose 2*r - 2*v - 206 = 0, 4*r + 2*v = -a + 560. List the prime factors of r.
2, 7
Suppose 5*h + 57 = -53. Let a(y) = y**2 - 13*y + 11. What are the prime factors of a(h)?
11, 71
Let c be 16/((-16)/4) - -36. Let v be ((-16)/c)/(1/2). List the prime factors of (-32)/(-1) + v + 2.
3, 11
Let y be 220/14 + 28/98. Suppose -9*h + y*h = 329. Suppose -h = -j + 30. What are the prime factors of j?
7, 11
Let f be (-4928)/(-42) - (-3)/(9/2). Let i = f + 28. Let d = i - 51. What are the prime factors of d?
5, 19
Suppose -s + 28 - 1 = 0. Let m = s - -48. List the prime factors of m.
3, 5
Let u(v) = v**2 - 2*v - 22. Let h = 36 + -54. List the prime factors of u(h).
2, 13
Let o be 9/18*20520/3. Suppose -11*r + o = -3290. List the prime factors of r.
2, 5, 61
Suppose 5*s - 14 = 11. List the prime factors of 602 - s/(-4 + -1).
3, 67
Let p = -328 + 2131. Suppose -5*f - p = -2*h, 3*h - 8*h + 4519 = -f. List the prime factors of h.
2, 113
Suppose -582*g - 584*g - 148617 = -1175*g. List the prime factors of g.
7, 337
Suppose 1 + 7 = 8*f. Let s = 6 - f. Suppose -s*q = y - 31, -3*q + 5*q = -5*y + 132. List the prime factors of y.
2, 13
Let f(y) = -104*y + 236. Let p be f(-20). Let r = p + -1289. List the prime factors of r.
13, 79
Suppose -3912 = -17*z + 9*z. Let g = 851 + z. List the prime factors of g.
2, 5, 67
Let b = -111 + 112. What are the prime factors of b - (-6 + (-104)/4)?
3, 11
Let f be (248/32 + -5)*(9 + -1). Suppose f*q - 4048 - 20636 = 0. List the prime factors of q.
2, 3, 11, 17
Suppose 2*o + 4324 = 3*o - 2*d, 4328 = o + 2*d. List the prime factors of o.
2, 3, 7, 103
Let w = -10563 + 20603. List the prime factors of w.
2, 5, 251
Let z(q) = -2*q**2 + 14*q - 4. Let s be z(6). Let i(w) = 10*w + w**3 - 24*w + 4*w - 15 - s*w**2. What are the prime factors of i(10)?
5, 17
Let g = -8 + 8. Let u(a) = -a**3 - 3*a**3 + 109 + 3*a**3 + 3*a + 2*a**2 - a**2 + 38. What are the prime factors of u(g)?
3, 7
Let f(m) = 5*m - 36. Let s(d) = -5*d + 35. Let a(x) = 3*f(x) + 4*s(x). Let o be a(5). Suppose 5*k = o + 23. List the prime factors of k.
2, 3
Let u(g) = -g - 7. Let p be u(-1). What are the prime factors of (-7 + 4 + 2)*(p + -837)?
3, 281
Suppose s = -5, 3*s + 951 = -i - 0*s. Let z be 12/28 + -1 + i/(-21). Suppose -z = -2*g + 128. What are the prime factors of g?
2, 43
Let w be (-62379)/(-117) + 2/(-13). Let l = 898 - w. List the prime factors of l.
5, 73
Suppose 3*b = -3*w - 21, -2*b + 2 = 2*w - 4*b. Let o be 3/w - 0/3. Let m(f) = -7*f + 2. What are the prime factors of m(o)?
3
Suppose 3*w + 799 = 4*g, w - 795 = -4*g - 0*w. Suppose 3*z - 71 - g = 0. List the prime factors of z.
2, 3, 5
Let f = -119 + 397. Suppose m = -3*k - f, 101 = -2*k - 5*m - 67. Let c = k + 157. List the prime factors of c.
3, 7
Let c(h) = -11*h - 45. Let l(o) = -5*o - 22. Let f(i) = -6*c(i) + 13*l(i). Let n be f(21). What are the prime factors of (23/n - -1)/((-34)/(-85))?
2, 7
Let k = 2531 + 4221. List the prime factors of k.
2, 211
Suppose -95*k + 96*k = 112. Let w = k - 8. Suppose m + w = 347. What are the prime factors of m?
3
Let g = 9 - 4. Let c = -1 + g. Suppose c*y - 591 = -171. What are the prime factors of y?
3, 5, 7
Suppose -271*v + 202*v = -89976. List the prime factors of v.
2, 163
Let r(d) = 2*d**3 + 9*d + 2. Let a be 6 - (1 + 4)/5. List the prime factors of r(a).
3, 11
Let p(b) = 575*b - 26. Let t be p(7). Suppose -20*d + t = -4501. What are the prime factors of d?
5, 17
Let u(b) = 845*b**2 - 29*b - 13. List the prime factors of u(5).
3, 29, 241
Let a = -12854 + 32823. List the prime factors of a.
19, 1051
Suppose -5*l - 75 + 65 = 0, 4*u - 36534 = 5*l. What are the prime factors of u?
23, 397
Suppose 0 = -5*s + 20, -5*w - 8 = -7*s + 5*s. Suppose w = -52*j + 61*j - 6534. List the prime factors of j.
2, 3, 11
Suppose 21*l = 18*l + 5*u + 5892, 0 = -3*u. What are the prime factors of l?
2, 491
Let b = -2965 - -1153. Let j = b + 3055. List the prime factors of j.
11, 113
Let l(w) = w**2 - w - 1. Let i(g) = 33*g**2 + 2*g + 8. Let x(f) = i(f) + 4*l(f). List the prime factors of x(3).
331
Suppose -11*r + 16*r - 30 = 0. Suppose -36 = r*j - 0*j. List the prime factors of (-26)/(-78) + ((-22)/j - 0).
2
Suppose -3*c = 2*b - 86, 3*c - 43 = -4*b + 135. Let q = b - 41. Suppose 223 = 3*i + y - 28, -q*i + 5*y + 445 = 0. List the prime factors of i.
5, 17
Let a(s) = s**2 + 3*s - 7. Let u(w) = -2*w + 10 + 6*w - 4*w - 2*w. Let d be u(11). What are the prime factors of a(d)?
101
Let n be -14*(-10)/(-4)*1807/(-65). Suppose 4*z = l - 459, -2*l + n = -9*z + 12*z. List the prime factors of l.
479
Let o = -17 + 37. Suppose -o = -3*v + 112. Suppose 40*b = v*b - 488. What are the prime factors of b?
2, 61
Let g(a) = a**2 + 11*a + 15. Let f be g(-14). Let j = f + -57. Suppose 4*r + 28 - 196 = j. List the prime factors of r.
2, 3, 7
Let d(b) = -119*b - 110 + 120*b + 51*b. List the prime factors of d(15).
2, 5, 67
Suppose 680 = 17*s - 0*s. Suppose -4*q - z + 151 = -163, 0 = -5*q - z + 393. Let y = s + q. What are the prime factors of y?
7, 17
Let n = -1924 - -3937. List the prime factors of n.
3, 11, 61
Let y be 1/((-45)/300*(-1)/(-3)). What are the prime factors of 4/(y/(-1715)) + 4?
347
Let c(d) = -31*d**3 + 10*d**2 + 76*d - 6. What are the prime factors of c(-7)?
5, 29, 73
Let s(v) = -1228*v + 2639. List the prime factors of s(-27).
5, 7159
Suppose 0 = 4*i + 4*k - 193176, -3*i - 15*k + 144887 = -17*k. List the prime factors of i.
5, 13, 743
Let f = -298 - -302. Suppose -m = -d + 284, -2*d - 3*d + f*m = -1418. List the prime factors of d